13 + 211 + 5 + 28.
31
-35 - (5 + 95 + -101 + -2 + -10)
-22
What is the value of 35 + (60 - 27) - 21?
47
Calculate 1 - ((26 - 52) + -13 + 0).
40
Calculate -40 - -79 - 41 - (40 + (-4 - -1)).
-39
79 + -60 + 7 + 1 + 15
42
(206 - (-56 - -153)) + (-2 - 18) + 2
91
Evaluate (-1 - 52) + -375 + 364.
-64
Evaluate 33 + (-17 - -10) + -62.
-36
-238 + 108 + 12 + 121
3
-12 + 21 + 10 + -6 + 4 + -6
11
Evaluate 6368 + -6421 - (2 + -2 - (0 - 2)).
-55
Calculate -26 - -10 - 41 - (-3 + (5 + -5 - -12)).
-66
What is 27 - -26 - (101 - 48)?
0
What is (68 - 69 - (-6 - -22)) + 17?
0
Evaluate -14 - (4 + -6 + 0 + (12 - 44)).
20
What is the value of 44 - (45 - (-13 + 28)) - (0 - -2)?
12
Evaluate -19 - (-110 + (-13 - -46)) - 25.
33
What is (-27 - (5 - 15 - -6) - -1) + (-9 - -1)?
-30
Evaluate -56 + 4 + -48 + (-20 - -60).
-60
Evaluate (-91 + 7 - -10) + 14.
-60
Evaluate -40 + -9 + 39 - -26.
16
Evaluate 3 + -1 + -1 + -48 + (62 - 66).
-51
What is 14 + (4 + 5 - -8 - -33 - (-24 + 10))?
78
What is the value of (-1288 - -1289) + (-9 - -41)?
33
-68 - (-186 - (117 + -129))
106
Evaluate -68 + 35 - -95 - 25.
37
What is the value of -6 + -19 + 66 + -13?
28
What is (-27 - (33 + -67)) + -28 - (-1 - 6)?
-14
-31 + 1 - (571 - 633)
32
Calculate 6 + -19 - (31 - (-22 + 0 - 49)).
-115
Evaluate (-22 + 4 + 9 + -9 - -9) + -18.
-27
Calculate 67 + (-101 - 15) - -105.
56
Evaluate 13 + 50 + (-3 - -2) + (32 - -3) + -38.
59
(57 - (13 - (10 - (6 - -1)))) + (4 - 5)
46
-46 + -187 + 249 + 0 + -34
-18
Calculate (71 - 89) + 31 + -19 + 19.
13
-5700 - -5826 - (-1 + -10)
137
What is the value of -3 + (11 - 8) - -76?
76
What is the value of -6 + -9 + 2 - ((-74 - -12) + 5 + 2)?
42
Evaluate 36 + (-89 - -42) - (2 - (-1 - -2 - -28)).
16
Calculate 0 - 57 - (5 - (-6 + 1)).
-67
(-3 - 5) + 35 + (-4 - (6 + -20) - 6)
31
Calculate (33 - (-17 - (-52 + -11))) + 91 + 1.
79
Evaluate -1 + 1 - (-2685 + 2714).
-29
What is the value of (0 - 31) + (-24 - (-37 - -11))?
-29
Calculate 7 - (15 - (0 - ((-7 - -20) + (-25 - 1)))).
5
96 + -32 + (22 - (31 + -14))
69
What is the value of 178 - 258 - (-1 - -22)?
-101
Calculate (-2 - 14) + (-67 - (-138 - -77)) + 106.
84
Evaluate (-69 - 36) + 43 - -35.
-27
What is the value of (48 - 11) + 10 + -11 + 8?
44
Evaluate 106 - (-80 - -58 - -43).
85
Evaluate -55 - -119 - (11 + 1) - 14.
38
What is the value of -1 - (35 - (13 + 0 + 32 + -37 + -16))?
-44
Calculate -113 + 82 + -105 + 72.
-64
38 - (27 - (-19 - -63) - (-12 + 2 + 0))
45
Calculate 0 - (-21 - 1) - ((666 - 1368) + 678).
46
104 + 2 - (-638 + 690)
54
8 + 10 + 11 + 49 + -8
70
What is the value of -21 + -4 + (-29 - -15)?
-39
Calculate (54 - 30) + 6 + -9 + -28.
-7
What is (-1 - -7) + -16 + (21 - -14 - 34)?
-9
What is (3 - 3) + 0 + 28 + 13 + -27?
14
Calculate (-22 + -17 - (-3 - 13)) + 74.
51
What is the value of -17 - -173 - -19 - (-60 - -105)?
130
Calculate -49 - (((-2 - -10) + -1 + -10 - 3) + 7).
-50
-36 + -13 + (-1 - -15) + (36 - (31 + 8))
-38
-3 + -9 + 3 - (-24 - -24 - 19 - -16)
-6
Calculate 0 - -3 - 1 - (-1163 + 1144 - (1 + 58)).
80
What is the value of -67 - (8 - 62) - -43?
30
Evaluate -1 + 0 + -12 - (-53 + (90 - (2 + 27))).
-21
Calculate -40 - (10 - (12 + 1 + -56 + 56)).
-37
Evaluate -4 - (-49 - (-24 + 32 - 25)).
28
Evaluate 0 + 2 - (162 + -193 - (-4 + 15 + -3)).
41
What is -43 + 254 + -224 - (9 - (-1 + 2))?
-21
Calculate (-27 + 28 - ((-2 - -12) + -11)) + 63.
65
(-18 - -22) + 45 + (-1 + -4 - -10)
54
24 - 108 - (0 + -6) - (-50 + 34)
-62
Evaluate -30 + -58 + 17 + -4 - -15.
-60
What is -104 + 23 + (-28 - (-4 - 19))?
-86
What is (0 - 6) + 2 + 46 + 15 + -19 + 11?
49
Calculate (-4 - -1) + -3 + (-25 - -13) + 0.
-18
What is the value of 55 - (66 + 31) - -82?
40
-59 - (-83 + 52 + -43)
15
Evaluate -6 - ((65 - 8 - 9) + (-14 - 0)).
-40
What is the value of -54 - -46 - (-34 - 9)?
35
Evaluate -19 + -157 + 51 + 71.
-54
What is -80 - (-4 + 30 - (78 + -70))?
-98
Evaluate -25 + 241 + -151 - (6 + -1).
60
What is the value of 28 + -50 + 100 + -51?
27
2 + (2 - -7) - (50 - (-12 + 83))
32
What is (2 - 14) + -374 + 377 - (40 + 2) - -5?
-46
What is -6 + (5 + 18 + -2 + -1 - (109 + -98))?
3
What is the value of -103 - (31 + -40 + -4 - 0)?
-90
What is (0 - (7 - 11)) + 4 + (-7 - -15 - -10)?
26
What is (-24 - -7) + (-7 - -21 - 6 - 27)?
-36
-43 - (0 - -1) - (-15 - -2 - (-1417 + 1413))
-35
What is the value of (5 - 24) + (6 - 13 - (-43 + 35))?
-18
Evaluate (154 - (4 + 4)) + (-904 - -859).
101
What is 16 + -18 + 16 + -35 - 61?
-82
(-1 + 0 - (-100 + 110) - -11 - -42) + -1
41
0 - 41 - (-43 + -53 + 105)
-50
(10 - -15) + (1 - 6 - 3 - (-10 - -3))
24
-1 - (5 + (8 + -13 - -19)) - -73
53
What is the value of (0 - (26 - ((3 - 11) + -6 + 24))) + 6?
-10
What is (32 - (19 - 24)) + 24?
61
Calculate (9 - -1) + -1 - (74 - 77 - (8 + 12)).
32
Calculate (-69 - -7) + (23 - (16 - -3)) + -3.
-61
86 - 88 - (3 + -2 + 5 + -6)
-2
(-38 - -52) + -16 + (-1 - 3) - 19
-25
(75 - (24 - -62)) + 92
81
What is the value of 9 + 2 + -19 + (8 + -24 - -23)?
-1
What is the value of -2 + 24 + (45 - 69 - -7) + 37?
42
Evaluate -15 + 2 + 9 + 9 + (-8 + -3 - -2).
-4
Calculate 1 - ((-1 - -102) + -17 - 25).
-58
What is -55 + 6 + (-56 - (-139 + 66))?
-32
What is -2 + (50 - (21 + -20 + 18))?
29
What is the value of -19 + -42 + -16 + (17 - (3 + 12))?
-75
Evaluate (34 - (-10 + 29)) + (0 - 20).
-5
1 + 26 + (6 - (-5 + -1) - 3) + 6
42
Calculate (-82 - (-44 + -32)) + -1 + 7.
0
Evaluate -3 + (58 - 51) + -9 + 1 + 26.
22
What is 17 + (-9 - 5) - (-49 + -1)?
53
-3 + (101 - 144) + 8 + 0 - -1
-37
Calculate (-104 - (5 + -56)) + 18 + 0.
-35
What is 35 + -2 - (-25 + -33 + 55)?
36
Calculate (-85 + -3 - -16) + 31 - (3 + (3 - 1)).
-46
Evaluate (-8 - ((11 - -1) + 9)) + -9 - (-6 + -2).
-30
97 + (-100 - -8) + (-5 - -20)
20
(2943 - 2973) + (27 - -1)
-2
What is the value of (0 - -3) + -72 - ((1 - -14) + -9 - 8)?
-67
What is the value of 109 + (-7 + -1 - ((-30 + 16 - 8) + 15))?
108
Calculate 7 - (-57 + (-36 - -163)).
-63
Evaluate 0 - (24 + -8 - -23 - -17).
-56
What is 153 + -22 - 66 - -14?
79
Evaluate 4 + -1 + 124 + (39 + -83 - -30).
113
What is (-13 - (-30 + 6)) + (5 - 3) + (-1 - 6)?
6
-18 + (-50 - -86) + (-26 - 22)
-30
-36 + 52 + (-61 - 17)
-62
-3 + ((18 - 16) + 18 - -26)
43
What is 0 - -90 - (-20774 - -20747)?
117
What is the value of -76 + -66 + 68 + (12 - 0)?
-62
41 + (-5 - (-10 + (-7 - -12)))
41
20 + -26 + (7 + -17 - -17 - -11)
12
What is the value of 31 + -28 + 1 + -23 + 32?
13
Evaluate (1 - 6) + (9 - (-24 + 6) - 16) + -49.
-43
Calculate 2 - ((-62 - -19) + 13).
32
What is 59 + -92 + 57 - -52?
76
Evaluate (0 - 7) + (70 - 71) - (-44 - (-6 + 3)).
33
Evaluate -41 - (-43 + 11 + 3) - ((-2 - -1) + 51).
-62
What is -37 + -2 - (-49 + 18)?
-8
What is (7 - -66 - -16) + -59?
30
What is (28 - (5 - 101)) + -75?
49
Calculate -2 + -14 + (-1 - -1) + (-154 - 7) + 179.
2
What is (11 - (-12 + 9)) + 41 + -63?
-8
What is the value of -101 + (-80 - -220 - -46)?
85
Calculate 142 - (-35 + 12) - (74 + -36).
127
Evaluate (0 + (1 - -1) - 5) + 152 + 33 + -206.
-24
What is the value of -63 + (41 - (29 - -17)) + 34?
-34
Evaluate -5 - -17 - (92 + (16 - -7) + 8).
-111
(-1 - -39) + (-61 - -66 - 0)
43
What is 41 - (34 - -3 - 28)?
32
What is 83 + (1 - 7) + 4 - (142 - 160)?
99
-5 - (-6 + -5) - (15 - 1) - (263 + -219)
-52
What is the value of 43 + -91 + 53 + (-4 - 10) + 0?
-9
(-73 + 47 - -19 - (0 - (0 - 4))) + 65
54
What is -73 + 1 - (149 + (-95 - 95))?
-31
What is 12 + 0 - (-3025 - -3015)?
22
Evaluate -2 + -1 - ((20 - (46 + -17)) + (70 - 0)).
-64
Calculate 3 - (-7 + 4) - (36 + (10 - 17)).
-23
What is (16 - (-8 - (12 + -28))) + (-36 - -52)?
24
What is the value of -4 - (-19 - 0 - (11 + -31))?
-5
What is the value of 11 + -31 + (56 - 43)?
-7
Evaluate (-22 - -112) + -30 + (-2 + 3 - 3).
58
Calculate 6 - (4 + (-2 - -1 - (-78 - -69) - -10)).
-16
(-12 - -45 - 15) + -23 - (-7 - -1)
1
Evaluate -30 - (8 + -11) - -70.
43
14 - -1 - (-131 + (-4 + 4 - -15) + 11)
120
Calculate -12 + 15 - (2 - -1) - (230 + -340).
110
0 + (1 - (-19 + 3) - (-135 + 148))
4
(20 - (13 - 21) - 21) + (-29 - 0)
-22
Evaluate (-19 - 29) + 115 + -25.
42
What is the value of 69 - (14 + -14 - -48)?
21
What is the value of -150 + 113 + 68 + -12 + 12?
31
What is the value of (-1 - -16) + (16 + 11 - 14)?
28
What is 101 - (3 - (11 - (-1 - (6 - -2) - -28)))?
90
What is (27 - 32) + (9 - (-9 + -6))?
19
Evaluate -22 + (-596 - -672 -